nits digit of 299853291?
1
What is the ten millions digit of 1242498748?
4
What is the ten millions digit of 3306483052?
0
What is the units digit of 61149550?
0
What is the tens digit of 5588471234?
3
What is the tens digit of 105940172?
7
What is the hundred thousands digit of 9251454?
2
What is the tens digit of 130249223?
2
What is the hundred millions digit of 201598430?
2
What is the tens digit of 244675506?
0
What is the tens digit of 50211761?
6
What is the thousands digit of 6296867762?
7
What is the hundred thousands digit of 1089485979?
4
What is the ten millions digit of 58672527?
5
What is the millions digit of 3384181152?
4
What is the ten thousands digit of 43065644?
6
What is the ten millions digit of 115852668?
1
What is the hundred thousands digit of 1003285077?
2
What is the hundreds digit of 28680579?
5
What is the hundreds digit of 22631802?
8
What is the billions digit of 1447074325?
1
What is the millions digit of 362816703?
2
What is the tens digit of 3192693257?
5
What is the hundred millions digit of 190456283?
1
What is the tens digit of 148859808?
0
What is the tens digit of 1137095144?
4
What is the tens digit of 20903151?
5
What is the tens digit of 61979650?
5
What is the ten thousands digit of 467003785?
0
What is the hundred millions digit of 642607192?
6
What is the tens digit of 4147744977?
7
What is the hundreds digit of 79056260?
2
What is the tens digit of 64598824?
2
What is the ten millions digit of 624217947?
2
What is the ten millions digit of 78716649?
7
What is the ten millions digit of 1050193091?
5
What is the tens digit of 21702686?
8
What is the thousands digit of 622036242?
6
What is the ten thousands digit of 16673152?
7
What is the hundred thousands digit of 2124638773?
6
What is the ten millions digit of 94377686?
9
What is the hundred thousands digit of 79500902?
5
What is the millions digit of 5951864403?
1
What is the ten millions digit of 38660565?
3
What is the billions digit of 4080063334?
4
What is the ten millions digit of 378115628?
7
What is the hundreds digit of 124949572?
5
What is the millions digit of 1178941888?
8
What is the billions digit of 2113136420?
2
What is the units digit of 232649140?
0
What is the thousands digit of 204185170?
5
What is the hundred thousands digit of 1836263601?
2
What is the tens digit of 2952800945?
4
What is the tens digit of 99880747?
4
What is the ten thousands digit of 1265174239?
7
What is the units digit of 53984945?
5
What is the tens digit of 47016869?
6
What is the thousands digit of 10283817?
3
What is the hundred thousands digit of 37718789?
7
What is the ten millions digit of 147864669?
4
What is the tens digit of 25993720?
2
What is the hundreds digit of 121077882?
8
What is the hundred thousands digit of 155439115?
4
What is the thousands digit of 130852734?
2
What is the thousands digit of 75891596?
1
What is the hundred thousands digit of 3832506925?
5
What is the units digit of 39135946?
6
What is the millions digit of 568230166?
8
What is the hundreds digit of 302990267?
2
What is the ten millions digit of 46593211?
4
What is the ten millions digit of 61852092?
6
What is the units digit of 34991126?
6
What is the hundreds digit of 622739061?
0
What is the millions digit of 577612362?
7
What is the tens digit of 363924931?
3
What is the ten thousands digit of 2868195649?
9
What is the hundred thousands digit of 6381543?
3
What is the hundreds digit of 754353925?
9
What is the hundred thousands digit of 41004165?
0
What is the millions digit of 34022386?
4
What is the hundred thousands digit of 7943121212?
1
What is the units digit of 1380829257?
7
What is the units digit of 93265191?
1
What is the hundred thousands digit of 232183823?
1
What is the hundreds digit of 343137250?
2
What is the units digit of 73657147?
7
What is the hundred thousands digit of 272819179?
8
What is the ten millions digit of 17044840?
1
What is the hundreds digit of 152834686?
6
What is the billions digit of 1712650509?
1
What is the hundred millions digit of 1887423471?
8
What is the units digit of 418869023?
3
What is the ten thousands digit of 534979961?
7
What is the ten thousands digit of 544630191?
3
What is the tens digit of 46431377?
7
What is the units digit of 84035931?
1
What is the units digit of 3143080687?
7
What is the hundreds digit of 471060165?
1
What is the billions digit of 1301138417?
1
What is the units digit of 3973034169?
9
What is the thousands digit of 26020966?
0
What is the thousands digit of 1741643028?
3
What is the ten thousands digit of 17017356?
1
What is the hundred millions digit of 1715899673?
7
What is the millions digit of 950764940?
0
What is the ten millions digit of 704163423?
0
What is the hundreds digit of 152051947?
9
What is the millions digit of 8606404?
8
What is the hundred millions digit of 228231900?
2
What is the hundred thousands digit of 94576984?
5
What is the tens digit of 1302526699?
9
What is the units digit of 124258218?
8
What is the hundred thousands digit of 832383209?
3
What is the hundred thousands digit of 2032735228?
7
What is the hundred thousands digit of 11464783?
4
What is the hundred thousands digit of 126465490?
4
What is the thousands digit of 379964935?
4
What is the thousands digit of 200275925?
5
What is the units digit of 506328429?
9
What is the ten millions digit of 39338109?
3
What is the tens digit of 211944093?
9
What is the ten thousands digit of 78847442?
4
What is the millions digit of 300338154?
0
What is the billions digit of 1501030110?
1
What is the thousands digit of 14160239?
0
What is the tens digit of 8569134242?
4
What is the thousands digit of 1224215023?
5
What is the units digit of 325567180?
0
What is the thousands digit of 766892155?
2
What is the ten thousands digit of 138642718?
4
What is the hundreds digit of 14296392?
3
What is the millions digit of 104981655?
4
What is the millions digit of 398785148?
8
What is the ten thousands digit of 342192247?
9
What is the hundred millions digit of 289832660?
2
What is the hundred thousands digit of 707515?
7
What is the hundred thousands digit of 78540428?
5
What is the ten thousands digit of 418781705?
8
What is the millions digit of 176840890?
6
What is the hundred millions digit of 2210055690?
2
What is the tens digit of 17316682?
8
What is the tens digit of 76370060?
6
What is the billions digit of 1315268809?
1
What is the billions digit of 1122437280?
1
What is the millions digit of 8699215?
8
What is the tens digit of 39017431?
3
What is the units digit of 204321995?
5
What is the units digit of 36161370?
0
What is the thousands digit of 49712893?
2
What is the thousands digit of 122085356?
5
What is the millions digit of 507586271?
7
What is the tens digit of 462371357?
5
What is the hundreds digit of 44235882?
8
What is the hundreds digit of 2167991578?
5
What is the tens digit of 5070817?
1
What is the thousands digit of 641467824?
7
What is the hundred thousands digit of 606232377?
2
What is the tens digit of 270451880?
8
What is the thousands digit of 92312039?
2
What is the ten thousands digit of 8049372805?
7
What is the hundreds digit of 1000920997?
9
What is the tens digit of 716262207?
0
What is the hundred thousands digit of 67005716?
0
What is the ten millions digit of 182023061?
8
What is the thousands digit of 30954077?
4
What is the ten thousands digit of 57163640?
6
What is the thousands digit of 99420887?
0
What is the thousands digit of 61429026?
9
What is the tens digit of 526818930?
3
What is the tens digit of 289146771?
7
What is the units digit of 2968692692?
2
What is the billions digit of 3948035924?
3
What is the thousands digit of 15537885?
7
What is the tens digit of 72588537?
3
What is the units digit of 666193896?
6
What is the millions digit of 83081001?
3
What is the thousands digit of 644657030?
7
What is the ten millions digit of 103533437?
0
What is the tens digit of 1998110192?
9
What is the units digit of 130431768?
8
What is the hundreds digit of 31214056?
0
What is the ten millions digit of 132415357?
3
What is the tens digit of 48316241?
4
What is the tens digit of 526629379?
7
What is the hundreds digit of 44494461?
4
What is the millions digit of 370636813?
0
Wh